 391516002 and 6876.
3438
Calculate the greatest common divisor of 3195 and 8505.
45
What is the greatest common divisor of 7536701 and 2248?
281
What is the highest common divisor of 7370 and 1078?
22
Calculate the greatest common factor of 37820 and 20016540.
1220
Calculate the greatest common divisor of 10576 and 319728.
16
Calculate the highest common divisor of 4081659 and 3879327.
3891
Calculate the highest common factor of 532 and 54525478.
266
What is the greatest common factor of 6313047 and 78?
39
What is the greatest common divisor of 1382 and 1031663?
691
Calculate the greatest common factor of 699649905 and 15.
15
Calculate the greatest common factor of 350 and 872664170.
70
What is the greatest common factor of 949 and 43816279?
949
Calculate the greatest common factor of 24 and 8329576.
8
What is the greatest common factor of 10469 and 12643303?
361
Calculate the highest common divisor of 28290 and 412665.
615
Calculate the greatest common factor of 4836 and 3827973.
93
Calculate the highest common divisor of 16201 and 661691.
17
Calculate the highest common factor of 7182 and 558216.
18
What is the highest common divisor of 52 and 27152099?
13
What is the highest common divisor of 87111074 and 46?
46
Calculate the greatest common factor of 7007 and 3872323.
637
What is the greatest common factor of 9 and 1045017?
9
What is the greatest common factor of 105 and 689145380?
35
Calculate the greatest common divisor of 9080 and 430559980.
4540
Calculate the highest common divisor of 4 and 95190028.
4
What is the highest common divisor of 7905410 and 90?
10
What is the highest common factor of 111418 and 1624928?
986
What is the highest common factor of 57954398 and 2918?
2918
Calculate the greatest common factor of 923251 and 4.
1
What is the greatest common divisor of 111 and 1367853?
111
What is the greatest common divisor of 456 and 555600?
24
Calculate the highest common divisor of 2408 and 1542754.
86
Calculate the greatest common factor of 5428 and 1032677.
1357
What is the highest common divisor of 85110960 and 1878?
1878
Calculate the highest common factor of 8 and 9364444.
4
Calculate the greatest common factor of 870 and 593862.
174
What is the highest common factor of 93 and 6933?
3
What is the highest common divisor of 1015228 and 196?
4
Calculate the highest common divisor of 113448 and 9077.
29
Calculate the greatest common factor of 24 and 1203579696.
24
Calculate the greatest common divisor of 3640510 and 6205.
365
What is the highest common divisor of 2353 and 669519?
181
Calculate the greatest common factor of 272056 and 38192.
248
Calculate the highest common factor of 7 and 32092.
1
What is the greatest common factor of 476 and 10200?
68
What is the highest common factor of 17721894 and 744?
186
What is the greatest common factor of 6256 and 5607722?
782
Calculate the greatest common factor of 22 and 970103277.
11
Calculate the highest common divisor of 28536 and 6112272.
696
Calculate the highest common factor of 8 and 247349720.
8
Calculate the greatest common factor of 5658770 and 494.
494
What is the greatest common divisor of 1011716505 and 9?
9
What is the highest common factor of 3642 and 37893189?
1821
Calculate the highest common factor of 18682987 and 2759.
31
What is the greatest common divisor of 111876512 and 220?
44
Calculate the highest common factor of 2211520 and 425280.
320
Calculate the greatest common factor of 56 and 11663336.
8
What is the highest common divisor of 61020999 and 258?
129
Calculate the highest common factor of 56397808 and 112.
16
Calculate the greatest common divisor of 7172 and 214842639.
1793
Calculate the greatest common divisor of 1219064 and 4928.
616
Calculate the highest common factor of 122592855 and 35.
35
What is the highest common divisor of 1668325 and 30?
5
What is the highest common factor of 22 and 558798?
2
What is the greatest common factor of 254 and 3548507?
127
What is the highest common factor of 4989 and 535224909?
4989
Calculate the greatest common factor of 18951708 and 408.
12
Calculate the greatest common divisor of 725 and 2315975.
25
What is the greatest common factor of 916 and 131788126?
458
What is the greatest common divisor of 1498 and 31418410?
214
Calculate the greatest common factor of 12654128 and 192.
16
What is the highest common divisor of 26 and 34213361?
13
Calculate the greatest common factor of 29109087 and 441.
441
Calculate the greatest common factor of 6222696 and 30.
6
Calculate the greatest common divisor of 31008633 and 258.
129
What is the highest common divisor of 23016 and 75104085?
2877
Calculate the highest common divisor of 491 and 509813156.
491
What is the greatest common divisor of 162811623 and 366?
183
What is the highest common divisor of 43855 and 22445?
5
Calculate the greatest common factor of 125 and 291175.
25
What is the greatest common factor of 9 and 197837973?
9
What is the highest common factor of 240364381 and 547?
547
Calculate the greatest common factor of 23 and 1553619019.
23
What is the highest common divisor of 65084 and 92432?
212
What is the highest common factor of 136741 and 1071873?
4411
What is the highest common factor of 93504 and 9414?
6
Calculate the highest common divisor of 70 and 3518330.
10
What is the highest common divisor of 8880 and 45448395?
555
Calculate the greatest common factor of 2005648476 and 156.
156
Calculate the greatest common factor of 129234 and 65875.
17
Calculate the greatest common factor of 173901 and 2088723.
1911
Calculate the highest common factor of 4114474 and 1478113.
3367
Calculate the highest common factor of 2717100 and 3600.
900
What is the greatest common divisor of 98 and 1054615?
1
What is the greatest common divisor of 491 and 776229756?
491
Calculate the greatest common factor of 84669510 and 82.
82
What is the greatest common factor of 127 and 85825076?
127
What is the greatest common divisor of 2349 and 4053078?
81
What is the greatest common factor of 37764130 and 24780?
590
What is the greatest common divisor of 576 and 2134494?
18
What is the highest common factor of 253630 and 8060?
130
What is the greatest common factor of 424570 and 70?
10
Calculate the highest common factor of 5522321 and 679.
7
What is the highest common divisor of 4184775 and 441?
63
Calculate the greatest common factor of 9991347 and 678.
339
What is the greatest common factor of 65664 and 992?
32
What is the greatest common factor of 204624 and 1017?
9
What is the greatest common factor of 804 and 6521244?
804
Calculate the greatest common factor of 412345500 and 8400.
2100
What is the greatest common divisor of 608268 and 6920?
692
What is the greatest common divisor of 35456520 and 1320?
1320
Calculate the highest common factor of 659879226 and 36.
18
What is the greatest common factor of 2676 and 11309891?
223
What is the highest common factor of 1106253 and 16362?
909
Calculate the highest common divisor of 187344366 and 242.
22
What is the greatest common factor of 461 and 207862595?
461
What is the highest common divisor of 104920988 and 3348?
124
What is the greatest common factor of 290027850 and 150?
150
What is the highest common divisor of 3670940 and 1085?
35
What is the greatest common divisor of 1264 and 6801268?
316
What is the highest common factor of 10237 and 2987?
29
What is the greatest common divisor of 90 and 38610510?
30
What is the greatest common factor of 41393 and 393624?
781
What is the greatest common divisor of 533 and 526809?
41
Calculate the highest common factor of 144 and 2581163712.
144
Calculate the greatest common factor of 22765578 and 564.
282
Calculate the greatest common divisor of 120251790 and 5580.
2790
Calculate the highest common divisor of 1465797 and 42.
3
What is the greatest common factor of 9314540 and 11960?
460
What is the highest common factor of 68 and 1256215?
17
What is the highest common factor of 38 and 1456233017?
19
Calculate the highest common factor of 7 and 11196430.
7
Calculate the highest common factor of 573918 and 41574.
246
What is the highest common factor of 273880 and 5872?
8
What is the greatest common factor of 9260 and 189460?
20
What is the greatest common factor of 3146664 and 14856?
24
C